pose -5*f + 0*f = 0. Suppose -9*c + 6*c + 84 = f. What is the tens digit of c?
2
Suppose 4*l - 125 - 39 = 0. What is the units digit of l?
1
Suppose 4 = -3*y + 7, 2*s - 37 = -y. Suppose 0 = -4*h + 42 + s. What is the units digit of h?
5
Suppose -5*l - 3*z = -205, -2*l + 83 = z - 0*z. What is the units digit of l?
4
Let n be 1 + 2*3/6. Suppose -n*b = -b. Suppose -3*a + 9 = 3*t, b = -0*a + 4*a + 5*t - 12. What is the units digit of a?
3
Let u(f) = f - 1. What is the units digit of u(2)?
1
What is the units digit of 118*(3 + 10/(-4))?
9
Let l(h) = -h + 12. Let v(n) = -n**3 + 4*n**2 + 6*n. Let p be v(5). What is the units digit of l(p)?
7
Let l(a) = 7*a**3 - 2*a**2 - 1. What is the units digit of l(2)?
7
Let z(v) = -v**3 - 5*v**2 - 3*v - 2. Let m be z(-4). Suppose 5*w - 2*l = -12, -3*w - 2*w + 5*l - 15 = 0. What is the tens digit of (-75)/m + (-1)/w?
1
Let q be (-1)/((-3)/(-141))*1. Let b = 72 + q. Suppose 2*t + h = -2*h + b, h = t. What is the units digit of t?
5
What is the units digit of 12*248/12 + -4?
4
What is the tens digit of -4 + (-3 - (-4 - 15))?
1
Suppose -2*w + 4*w = -5*n + 60, 4*w - 172 = 3*n. What is the units digit of w?
0
Let q(k) be the first derivative of k**2 + k + 4. Let n(c) = c**3 - 5*c**2 + 2*c - 7. Let s be n(5). What is the units digit of q(s)?
7
Suppose -2*d = -6, 4*k + 16 = 2*d + 94. What is the units digit of k?
1
Suppose 0 = 5*i - 5*m + 38 + 2, -5*m = 3*i + 32. Let w = -7 - i. What is the units digit of w?
2
Let s(g) = -g**3 - 11*g**2 - 2*g - 8. Let r be s(-11). Let o be 7/(-14) - r/(-4). Suppose -o*z - 4*c + 9 = 0, -5*z + 18 + 8 = 3*c. What is the units digit of z?
7
Suppose d - 149 = 4*n, -5*n - 618 = d - 5*d. What is the units digit of d?
7
Suppose 3*y + 10 = -11. Let g(r) = -r**3 - 7*r**2 + 4. What is the units digit of g(y)?
4
Let i be (-2)/(-2) + 4 + -4. Let s(f) = 5*f**2 - f. Let g be s(i). Suppose 0 = -4*o + g. What is the units digit of o?
1
Suppose 5*i + 63 = y, -3*y = -0*i + i - 141. What is the tens digit of y?
4
Suppose j + 12 = 4*m, 0*m = 2*j - 4*m + 4. What is the units digit of j?
8
Let i(f) = f + 4. Let d be i(-3). Let w be d/(-2) - (-443)/(-2). What is the units digit of 4/(-18) - w/27?
8
Let d = 117 + -52. What is the units digit of d?
5
Suppose -6*s + 47 + 67 = 0. What is the tens digit of s?
1
Let s(u) = u**2 - 9*u + 2. Suppose -3*z - 12 = -5*z. Let n be s(z). What is the units digit of (-3)/2*n/12?
2
Suppose -14 = -5*o + 26. Suppose 2*t + o - 28 = 0. What is the units digit of t?
0
Let f(l) = -2*l**3 + 3*l**2 - 2*l + 1. Let r be f(2). Let z(d) = d - 5*d - 7 + 0*d + d**3 + 7*d**2. What is the tens digit of z(r)?
2
Let k(d) = 6*d**2 + 3*d - 7. Let a(o) = -5*o**2 - 2*o + 6. Let n(s) = -7*a(s) - 6*k(s). What is the units digit of n(-3)?
3
Let d(f) = 4*f**2 + 5*f + f**3 - 2*f**2 + 4*f**2 - 1. What is the tens digit of d(-4)?
1
What is the units digit of 8/5*(6 - (-35)/(-10))?
4
Let l(s) = 3*s**3 + s - 1 - 3*s**3 + s**3. Let m(k) = -k - 5. Let d be m(-6). What is the units digit of l(d)?
1
Let y be (1/3)/(3/27). Let v be (-10)/(-15) - 2/y. Suppose -5*l - 3*c + 7 = v, 6*l - 5*c = l + 15. What is the units digit of l?
2
Suppose -2*d - 1 - 1 = 0, 65 = 5*m - 5*d. What is the units digit of m?
2
Let o = 41 - -59. What is the tens digit of o?
0
Suppose -2*t + 5*t = 0. Suppose 0 = l - 3 - t. What is the units digit of l?
3
Let y(p) be the third derivative of p**4/24 - p**3/3 + 3*p**2. What is the units digit of y(4)?
2
Let j(f) = -6*f + 13. What is the units digit of j(-4)?
7
Let t be (-31)/(((-6)/(-2))/(-9)). Let j = t + -55. What is the units digit of (-9)/12 - j/(-8)?
4
Let v(u) = 43*u**3 - u. Let o be v(1). Let l = o - -4. What is the units digit of l?
6
Let b = 110 + -56. What is the tens digit of b?
5
Suppose -2*k + 2*o + 127 = -o, -56 = -k - o. What is the units digit of k?
9
Let v = 15 - -1. Let y = v + -31. What is the units digit of 6/10 + (-6)/y?
1
Let h = 41 - 20. Let o = h - 16. What is the units digit of o?
5
Suppose -2*j - 3*j = 350. Let p = j - -109. Suppose -5*a + t + 44 = 0, -4*a = -0*t + 3*t - p. What is the units digit of a?
9
Let p(o) = o**2 + o + 1. Let d(h) = -5*h**3 + 5*h**2 + 4*h + 4. Let k(j) = d(j) - 5*p(j). What is the units digit of k(-1)?
5
Suppose -5*r + 6 = -3*r. Suppose r*z - 64 = z. What is the tens digit of z?
3
Let w = -8 - -12. Let y(q) = 3*q + 4. What is the tens digit of y(w)?
1
Suppose 5*c = 2*c + 3. Let f be 0/(-2) + (c - 0). Let k = 7 - f. What is the units digit of k?
6
Let d be ((-2)/(-5))/((-7)/(-35)). Suppose d*c - 24 = 4*j, -2*j - c = -0*j + 12. What is the units digit of (j/(-10))/((-1)/(-15))?
9
Let g = 8 + -9. What is the units digit of (-40)/(-12) + g/3?
3
Let d(n) = 2*n**2 - n + 175. What is the tens digit of d(0)?
7
Suppose c - 26 = 66. Suppose 10*i - 6*i - c = 0. What is the tens digit of i?
2
Suppose 2983 = -11*x + 30*x. What is the hundreds digit of x?
1
Suppose 10 = 4*n - 14. Suppose -7*q = r - 2*q - 12, r = 4*q - n. What is the units digit of r?
2
Suppose 2*z + 0*z - 22 = -4*a, -5*z = 4*a - 37. What is the units digit of z?
5
Suppose -b - 15 = -0*b. Let y = b - -26. What is the tens digit of y?
1
Suppose 475 = 3*j + 19. What is the hundreds digit of j?
1
Suppose 4*w - 8*w + 32 = 4*u, 3*u - 38 = 4*w. What is the units digit of u?
0
Suppose 6*g - 2*g = 8. Suppose -6*i = -g*i - 16. What is the units digit of i?
4
Let j = 5 - 4. Let a be (j - 0)*-1 - -19. Let d = a - 11. What is the units digit of d?
7
Suppose 0 = b - 1 - 3. Suppose 6*c + 5*l - 60 = 4*c, b = l. What is the units digit of c?
0
Suppose -2*i = -2*h - 232, -4*i = i - h - 580. What is the units digit of i?
6
Let b(u) = -u**3 - 5*u**2 + u - 1. Let t be b(-5). Let j = -3 - t. Suppose 18 = j*g + 4*s, -g = -5*g - 2*s + 14. What is the units digit of g?
2
Suppose -5 = w, 4*w + 27 = 3*p - 5. Suppose -175 = -14*b + 9*b. Suppose -g + b = p*g. What is the units digit of g?
7
Let s(q) = -11*q. Let t(h) = -5*h. Let o(v) = 4*s(v) - 10*t(v). Let n be 1/(-2)*1*-2. What is the units digit of o(n)?
6
What is the tens digit of (1 - 0)/((-4)/(-88))?
2
Suppose -2*j - 2*k = -82, 4*k + 137 = 3*j - 0*k. What is the tens digit of (j/2)/((-6)/(-12))?
4
Let r = 12 - 8. Suppose -2*j - 2 = 3*q, -r*j - 3*q = -q - 12. What is the units digit of j?
5
Let y = -12 - -12. Suppose y = -x - 5 + 27. What is the tens digit of x?
2
Suppose 2*m = -2*a + 16, -4*m + 0*a - a + 26 = 0. What is the units digit of 22/m*(5 + 4)?
3
Let k = -49 + 119. Suppose -4*h = j - 41, 5*h - 6*j - k = -j. What is the units digit of h?
1
Suppose -6*u + 2*u = -208. Let x = u - 31. What is the units digit of x?
1
Let j = 15 + 10. What is the tens digit of j?
2
Let m(r) be the second derivative of r + 0*r**3 + 3/2*r**2 + 1/20*r**5 + 5/12*r**4 + 0. What is the units digit of m(-5)?
3
Let s(m) be the first derivative of m**4/4 - m**3 - 3*m**2 - 5*m - 7. What is the tens digit of s(5)?
1
Let j = 1 + 2. What is the tens digit of (-22)/j*(-12)/8?
1
Let z(a) = -a**2 - 9*a + 3. Let n be z(-8). Suppose 3*v - 4*g + n = 40, -2*v = g - 23. What is the tens digit of v?
1
Let c be (-19 + 2 + 0)/(-1). Let p = c + -6. What is the units digit of p?
1
Let z be 0/(1/(-2)*-2). What is the units digit of 19 - ((-6)/(-2) - z)?
6
Let w = -14 - -15. What is the units digit of 4 - 1 - (-3 + w)?
5
Let s(y) = 6*y + 18. Let v be s(-12). Let i = v + 81. Let j = -13 + i. What is the units digit of j?
4
Let b(k) = -14*k + 10. Let y be (3 - (3 + -3)) + -6. What is the tens digit of b(y)?
5
Let b = -1 + 2. What is the units digit of 6/(-4)*-2 + b?
4
Let i = 0 + 62. What is the tens digit of i?
6
Suppose -1590 = -2*m - 4*m. What is the units digit of m?
5
Let j(z) = 18*z**2 - 2. What is the units digit of j(-2)?
0
Suppose t - z = 4*z - 21, 20 = 4*z. Let y be (-1)/((-2 + t)/(-6)). Suppose y*k = 5 + 10. What is the units digit of k?
5
Suppose 7 = 5*x - 8. Suppose 4*f - 3*h - 26 = 0, h + x*h + 33 = 5*f. What is the units digit of f?
5
Let o(s) = -11*s - 27. What is the tens digit of o(-8)?
6
Let d be (3/(2/2))/1. Let f be d/(-9) - (-13)/3. Suppose 4*s + w = 55, -f*w + 0*w + 77 = 5*s. What is the tens digit of s?
1
Suppose -t - t = 4*g - 28, -g + 29 = -5*t. Suppose -3*a + a + 21 = 5*p, 0 = -2*p - a + g. What is the units digit of p?
3
Let x be 2 - (2 + -4 + 1). Suppose -4*q = -5*p + 4, -8 